*-414. What is the remainder when (-2)/((-1647)/t + -8) is divided by 33?
13
Suppose 0 = 2*k + 816*n - 815*n - 14553, 3*k - n - 21822 = 0. Calculate the remainder when k is divided by 17.
16
Suppose -243 = 8*u - 17*u. Let v = 1298 + -1118. What is the remainder when v is divided by u?
18
Let t(c) = c**3 - 37*c**2 - 238*c + 559. Calculate the remainder when t(43) is divided by 129.
0
Suppose 5*o = -7*z + 2*z - 2390, -3*z = -3*o + 1422. Suppose 11*g + 3564 = 38*g. What is the remainder when g is divided by 3/(-2)*z/21?
30
Let g = 24555 + -23168. What is the remainder when g is divided by 29?
24
Let q(y) = y**3 + 4*y**2 - 5*y - 4. Let h be ((-4)/5)/(27/135). What is the remainder when 58 is divided by q(h)?
10
Let r be (-59 - -91)*1/(8/10). Suppose 0 = -p + 3*o + r, 2*p + o = -p + 140. Let n = -26 + p. Calculate the remainder when 78 is divided by n.
18
Let q(o) = -o**3 + 12*o**2 - o + 17. Let v be (-7 + -17)*3/(-6). Let c be q(v). Let r(t) = -t**2 + 21*t - 7. Calculate the remainder when r(c) is divided by 13.
8
Let s be 18/8 - 24/96. Suppose -44 = -4*a + 2*p, 3*a = -s*p + 14 + 33. Let r(n) = n**3 - 6*n**2 - 7*n - 8. What is the remainder when r(8) is divided by a?
12
Let k = -286 - -968. Calculate the remainder when 1373 is divided by k.
9
Suppose -b = -1, b + 223 = 4*x - 964. Calculate the remainder when 308 is divided by x.
11
Let p be 5/1 - (-620 - -15). Suppose -2*d - 3*y + 243 = 0, 6*y - p = -5*d + y. Calculate the remainder when d is divided by 21.
18
Let c = -57 - -66. Suppose o + 5*h - 228 = 0, c*o - 4*h + 684 = 12*o. Calculate the remainder when o is divided by (1 - 3)/(4/(-46)).
21
Let n = -565 + 1269. Suppose n*u - 702*u = 36. Calculate the remainder when 448 is divided by u.
16
Suppose -1457*t = -1483*t + 8008. What is the remainder when 965 is divided by t?
41
Let g = 22457 + -21778. What is the remainder when 687 is divided by g?
8
Suppose -4*n + n = j - 350, 0 = -3*n - 2*j + 352. Calculate the remainder when 1513 is divided by n.
5
Let z = 495 - 344. Suppose 0 = -a + 7 + z. What is the remainder when a is divided by 87?
71
What is the remainder when 2 + -8 + 3 + 240 is divided by (640/(-28))/(18 + 384/(-21))?
77
Suppose 0 = 2*i + 3*q - 23 - 1057, -4*i = q - 2150. Calculate the remainder when i is divided by 177.
6
Let b = -1092 - -1168. What is the remainder when 154 is divided by b?
2
Suppose 5*p = 2*w + 65, -3*p = -p + 2*w - 12. Let g be 4596/(-16) + (-20)/(-16). Let z = 350 + g. What is the remainder when z is divided by p?
9
Suppose -2*s + 11 = -37. Let a(t) = -42 + 5*t + 2 + 9*t - 150. What is the remainder when a(18) is divided by s?
14
Let h(y) = -2*y**3 + 21*y**2 - 29*y - 38. What is the remainder when 220 is divided by h(8)?
20
Suppose y = 4*y. Suppose 5 = 5*m, 3*p + 3*m - 2*m - 13 = y. Suppose -25 = -p*v + 7. Calculate the remainder when v is divided by 5.
3
Let m = 428 + -354. Suppose m = -6*s + 464. What is the remainder when s is divided by 4?
1
Suppose -5*t + 25 = -4*t. Let y be (-3)/(1269/426 + -3). What is the remainder when 2/6*((y - -3) + -4) is divided by t?
22
Let a be (-4)/(-6)*(84/(-8))/7. Let u be ((-2)/(-10) + a)/(3/(-1995)). Suppose -5*x + 28 + u = 0. What is the remainder when x is divided by 39?
34
Let r = -1397 - -1431. Calculate the remainder when 257 is divided by r.
19
Let c(w) = w**2 + 5*w - 4. Suppose -336 = -19*l + 15*l. Suppose -9*s + 4*s + 3*f = -82, -f = -5*s + l. Calculate the remainder when c(4) is divided by s.
15
Suppose 40*g - 20*g = 4840. What is the remainder when g is divided by 38?
14
Calculate the remainder when 4*(-2 - -1) + -12 + (-5088)/(-16) is divided by 19.
17
Suppose 0 = 29*b - 151 + 35. Suppose -4*n + b*v = -244, 15*v - 238 = -4*n + 13*v. Calculate the remainder when n is divided by 18.
6
Suppose 4*t = -3*x + 11 + 48, 5*t - 76 = -3*x. Let g(b) = -3*b**2 + 50*b + 39. Calculate the remainder when 107 is divided by g(t).
19
Let c = 204 - 128. Suppose -2*t = -3*i - 85 - 39, 2*i = -t + c. What is the remainder when 270 is divided by t?
66
Suppose 3*x - 28 = 2*x. Suppose -283*v + 22365 = -v - 63645. Calculate the remainder when v is divided by x.
25
Let d(g) be the second derivative of 5*g**3/3 + 133*g**2/2 + 6*g - 4. What is the remainder when d(-10) is divided by 28?
5
Suppose 0 = 1489*j - 1487*j - 2712. Calculate the remainder when j is divided by 59.
58
Let c = -31 - -35. Suppose -48 + 144 = c*f. What is the remainder when 41 is divided by f?
17
Let d = 15115 - 15099. What is the remainder when 1130 is divided by d?
10
Let x(u) = u**2 + 2*u + 8. Let w = 79223 + -78944. What is the remainder when w is divided by x(6)?
55
Suppose 2*r - 26 = -4*w, 0 = -4*w + 3*w - r + 7. Suppose -30*n + 19*n = 0. Suppose 13*h - 8*h - 115 = n. What is the remainder when h is divided by w?
5
Let q = -3991 + 4080. Calculate the remainder when q is divided by 49.
40
Suppose 6 = 3*y - 0*y. Let a(p) = 9 + 7 + 3*p - 20 + p**3 - 8*p**y. Calculate the remainder when a(9) is divided by 21.
20
Let r(a) = 11*a + 2. Let u be r(0). Suppose 20*v = u*v + 378. Calculate the remainder when 965 is divided by v.
20
Let n = -8 + 6. Let c(i) = -3 + 2 + 2 - 1157*i - 8 + 1145*i. Calculate the remainder when 46 is divided by c(n).
12
Suppose -142*f = -73*f - 4071. What is the remainder when 381 is divided by f?
27
Suppose 248*o - 1075 = 223*o. Suppose r - 766 = -r + 2*a, a - 1153 = -3*r. Calculate the remainder when r is divided by o.
40
Suppose -5*n = -73*r + 70*r - 528, 5*n - 492 = -3*r. Calculate the remainder when 836 is divided by n.
20
Let i(g) = 8*g - 3. Let n be i(12). Suppose n = 4*a - 127. What is the remainder when 271 is divided by a?
51
Suppose -h - 4*u = -163, 0 = 28*h - 24*h - 5*u - 736. What is the remainder when 1728 is divided by h?
117
Let b(y) = -y**2 - 19*y - 80. Let x be b(-12). Suppose -5*a = -0*o + x*o - 116, -2*a = -o + 42. What is the remainder when 60 is divided by o?
26
Suppose 5*k - 3*t - 26 = 0, -4*k + t = -9*k + 18. Suppose 21 = k*v - 15. Calculate the remainder when 242 is divided by v.
8
Let z be 7/35 - (-18)/10. Suppose u = -3 + 1, -4*k + z = 5*u. Suppose 0 = o + 2, -98 = -5*p + o + k*o. What is the remainder when 53 is divided by p?
17
Let y = 20387 - 20234. Suppose -2*n - x = -5*n + 79, 5*x + 57 = 2*n. What is the remainder when y is divided by n?
23
Let a(s) = 3*s + 23. Suppose 149 = 10*c + 29. Calculate the remainder when a(20) is divided by c.
11
Let h(v) = 2*v**2 + 13*v - 2. Let r be h(-18). Let i = r + -338. What is the remainder when i is divided by 29?
16
Suppose -48 = -6*p + 4*p. Let b(f) = f + 7. Let u be b(-3). Suppose u*h + c = 56, -3*h + 6*c + 23 = 2*c. What is the remainder when p is divided by h?
11
Suppose 0 = -10*n + 359 + 541. Let o = n + -67. Let k = 72 + -59. What is the remainder when o is divided by k?
10
Let q(g) be the first derivative of -3*g**2/2 - 57*g + 111. Calculate the remainder when 70 is divided by q(-29).
10
Suppose 3679*h - 3709*h = -1230. Calculate the remainder when 367 is divided by h.
39
Suppose 2240*d + 5940 = 2267*d. What is the remainder when 934 is divided by d?
54
Suppose -7*o = -2*o - 270. Suppose 2*x - 3*d - 93 = 0, -o*x + 188 = -50*x - 4*d. Calculate the remainder when 191 is divided by x.
47
Suppose 0 = 4*t - 2*o - 4029 - 7785, -5*t = 2*o - 14745. Calculate the remainder when t is divided by 7.
4
Let m(s) = -130*s - 16. Let t be -1 - (-2 + 3 + -7). Let q be m(t). Calculate the remainder when q/(-8) + 2/(-8) is divided by 21.
20
Let v = 29 + -30. Let k(u) = -5*u - 3. Let h be k(v). Suppose 123 = 3*i + 3*d, 3*d + 217 = 5*i + h*d. What is the remainder when 255 is divided by i?
40
Let q be (836/(-95))/((-1)/(-5)). Let f = q + 91. What is the remainder when f is divided by 12?
11
Let g = -33263 + 34846. Calculate the remainder when g is divided by 346.
199
Suppose 39*i - 8891 = 3901. Calculate the remainder when i is divided by 316.
12
Let l(c) = -c**2 - 4*c + 8. Let s(k) = 2*k - 1. Let m(i) = l(i) - 3*s(i). Suppose -10 = -3*f + 4*f. What is the remainder when m(f) is divided by 6?
5
Suppose 887 + 823 = 30*h. Calculate the remainder when 76 is divided by h.
19
Let q(a) = -6*a**3 - 14*a**2 - 2*a + 2. What is the remainder when 1799 is divided by q(-3)?
39
Suppose -4*g = -3*g - 19. Let l = 19 - 18. What is the remainder when l/(-3) - (7 - (-